{"id":15413,"date":"2025-05-07T10:54:03","date_gmt":"2025-05-07T08:54:03","guid":{"rendered":"https:\/\/placart-backup.bszserver.ch\/?post_type=artwork&#038;p=15413"},"modified":"2026-02-07T12:33:20","modified_gmt":"2026-02-07T11:33:20","slug":"swiss-original-vintage-ski-poster-verbier-valais","status":"publish","type":"artwork","link":"https:\/\/placart-backup.bszserver.ch\/en\/artwork\/swiss-original-vintage-ski-poster-verbier-valais\/","title":{"rendered":"Verbier \u2013\u00a0Mont-Gel\u00e9 |\u00a0Valais"},"content":{"rendered":"","protected":false},"excerpt":{"rendered":"","protected":false},"featured_media":15419,"template":"","artwork-cat":[80,104,70,16],"artwork-origin":[45],"class_list":["post-15413","artwork","type-artwork","status-publish","has-post-thumbnail","hentry","artwork-cat-tracks","artwork-cat-original-posters-french-speaking-switzerland-romandy","artwork-cat-swiss-original-vintage-travel-posters","artwork-cat-winter-posters","artwork-origin-swiss"],"acf":[],"yoast_head":"<!-- This site is optimized with the Yoast SEO plugin v27.8 - https:\/\/yoast.com\/product\/yoast-seo-wordpress\/ -->\n<title>Original Ski Poster advertising the cable car to Mont-Gel\u00e9, Verbier<\/title>\n<meta name=\"description\" content=\"Original Vintage Poster that in 1961 drew attention to the recently commissioned cable car to Mont Gel\u00e9 in the Verbier ski area, Switzerland\" \/>\n<meta name=\"robots\" content=\"index, follow, max-snippet:-1, max-image-preview:large, max-video-preview:-1\" \/>\n<link rel=\"canonical\" href=\"https:\/\/placart-backup.bszserver.ch\/artwork\/schweizer-original-ski-plakat-verbier-valais\/\" \/>\n<meta property=\"og:locale\" content=\"en_US\" \/>\n<meta property=\"og:type\" content=\"article\" \/>\n<meta property=\"og:title\" content=\"Original Ski Poster advertising the cable car to Mont-Gel\u00e9, Verbier\" \/>\n<meta property=\"og:description\" content=\"Original Vintage Poster that in 1961 drew attention to the recently commissioned cable car to Mont Gel\u00e9 in the Verbier ski area, Switzerland\" \/>\n<meta property=\"og:url\" content=\"https:\/\/placart-backup.bszserver.ch\/artwork\/schweizer-original-ski-plakat-verbier-valais\/\" \/>\n<meta property=\"og:site_name\" content=\"PLACART\" \/>\n<meta property=\"article:modified_time\" content=\"2026-02-07T11:33:20+00:00\" \/>\n<meta property=\"og:image\" content=\"https:\/\/placart-backup.bszserver.ch\/wp-content\/uploads\/Plakat-Original-Poster-Winter-Ski-Verbier-Valais-1961-650x1024.jpg\" \/>\n\t<meta property=\"og:image:width\" content=\"650\" \/>\n\t<meta property=\"og:image:height\" content=\"1024\" \/>\n\t<meta property=\"og:image:type\" content=\"image\/jpeg\" \/>\n<meta name=\"twitter:card\" content=\"summary_large_image\" \/>\n<meta name=\"twitter:label1\" content=\"Est. reading time\" \/>\n\t<meta name=\"twitter:data1\" content=\"1 minute\" \/>\n<script type=\"application\/ld+json\" class=\"yoast-schema-graph\">{\"@context\":\"https:\\\/\\\/schema.org\",\"@graph\":[{\"@type\":\"WebPage\",\"@id\":\"https:\\\/\\\/placart-backup.bszserver.ch\\\/artwork\\\/schweizer-original-ski-plakat-verbier-valais\\\/\",\"url\":\"https:\\\/\\\/placart-backup.bszserver.ch\\\/artwork\\\/schweizer-original-ski-plakat-verbier-valais\\\/\",\"name\":\"Original Ski Poster advertising the cable car to Mont-Gel\u00e9, Verbier\",\"isPartOf\":{\"@id\":\"https:\\\/\\\/placart-backup.bszserver.ch\\\/#website\"},\"primaryImageOfPage\":{\"@id\":\"https:\\\/\\\/placart-backup.bszserver.ch\\\/artwork\\\/schweizer-original-ski-plakat-verbier-valais\\\/#primaryimage\"},\"image\":{\"@id\":\"https:\\\/\\\/placart-backup.bszserver.ch\\\/artwork\\\/schweizer-original-ski-plakat-verbier-valais\\\/#primaryimage\"},\"thumbnailUrl\":\"https:\\\/\\\/placart-backup.bszserver.ch\\\/wp-content\\\/uploads\\\/Plakat-Original-Poster-Winter-Ski-Verbier-Valais-1961.jpg\",\"datePublished\":\"2025-05-07T08:54:03+00:00\",\"dateModified\":\"2026-02-07T11:33:20+00:00\",\"description\":\"Original Vintage Poster that in 1961 drew attention to the recently commissioned cable car to Mont Gel\u00e9 in the Verbier ski area, Switzerland\",\"breadcrumb\":{\"@id\":\"https:\\\/\\\/placart-backup.bszserver.ch\\\/artwork\\\/schweizer-original-ski-plakat-verbier-valais\\\/#breadcrumb\"},\"inLanguage\":\"en-US\",\"potentialAction\":[{\"@type\":\"ReadAction\",\"target\":[\"https:\\\/\\\/placart-backup.bszserver.ch\\\/artwork\\\/schweizer-original-ski-plakat-verbier-valais\\\/\"]}]},{\"@type\":\"ImageObject\",\"inLanguage\":\"en-US\",\"@id\":\"https:\\\/\\\/placart-backup.bszserver.ch\\\/artwork\\\/schweizer-original-ski-plakat-verbier-valais\\\/#primaryimage\",\"url\":\"https:\\\/\\\/placart-backup.bszserver.ch\\\/wp-content\\\/uploads\\\/Plakat-Original-Poster-Winter-Ski-Verbier-Valais-1961.jpg\",\"contentUrl\":\"https:\\\/\\\/placart-backup.bszserver.ch\\\/wp-content\\\/uploads\\\/Plakat-Original-Poster-Winter-Ski-Verbier-Valais-1961.jpg\",\"width\":3485,\"height\":5489,\"caption\":\"Original Vintage Ski Poster, assembled from three pictures \u2013 shot possibly by the Valais photographer Telesphore (T\u00e9l\u00e8s) Deprez, printed in 1960 or 1961 on the occasion of the commissioning of the cable car to Mont Gel\u00e9 at the junction of the municipalities of Bagnes, Riddes, and Nendaz, today the ski area 4 Vall\u00e9es; for sale\"},{\"@type\":\"BreadcrumbList\",\"@id\":\"https:\\\/\\\/placart-backup.bszserver.ch\\\/artwork\\\/schweizer-original-ski-plakat-verbier-valais\\\/#breadcrumb\",\"itemListElement\":[{\"@type\":\"ListItem\",\"position\":1,\"name\":\"Startseite\",\"item\":\"https:\\\/\\\/placart-backup.bszserver.ch\\\/en\\\/\"},{\"@type\":\"ListItem\",\"position\":2,\"name\":\"Verbier \u2013\u00a0Mont-Gel\u00e9 |\u00a0Valais\"}]},{\"@type\":\"WebSite\",\"@id\":\"https:\\\/\\\/placart-backup.bszserver.ch\\\/#website\",\"url\":\"https:\\\/\\\/placart-backup.bszserver.ch\\\/\",\"name\":\"PLACART\",\"description\":\"Original Posters &amp; Le Corbusier&#039;s Art\",\"publisher\":{\"@id\":\"https:\\\/\\\/placart-backup.bszserver.ch\\\/#organization\"},\"potentialAction\":[{\"@type\":\"SearchAction\",\"target\":{\"@type\":\"EntryPoint\",\"urlTemplate\":\"https:\\\/\\\/placart-backup.bszserver.ch\\\/?s={search_term_string}\"},\"query-input\":{\"@type\":\"PropertyValueSpecification\",\"valueRequired\":true,\"valueName\":\"search_term_string\"}}],\"inLanguage\":\"en-US\"},{\"@type\":\"Organization\",\"@id\":\"https:\\\/\\\/placart-backup.bszserver.ch\\\/#organization\",\"name\":\"PLACART\",\"url\":\"https:\\\/\\\/placart-backup.bszserver.ch\\\/\",\"logo\":{\"@type\":\"ImageObject\",\"inLanguage\":\"en-US\",\"@id\":\"https:\\\/\\\/placart-backup.bszserver.ch\\\/#\\\/schema\\\/logo\\\/image\\\/\",\"url\":\"https:\\\/\\\/placart-backup.bszserver.ch\\\/wp-content\\\/uploads\\\/placart_black.png\",\"contentUrl\":\"https:\\\/\\\/placart-backup.bszserver.ch\\\/wp-content\\\/uploads\\\/placart_black.png\",\"width\":148,\"height\":26,\"caption\":\"PLACART\"},\"image\":{\"@id\":\"https:\\\/\\\/placart-backup.bszserver.ch\\\/#\\\/schema\\\/logo\\\/image\\\/\"}}]}<\/script>\n<!-- \/ Yoast SEO plugin. -->","yoast_head_json":{"title":"Original Ski Poster advertising the cable car to Mont-Gel\u00e9, Verbier","description":"Original Vintage Poster that in 1961 drew attention to the recently commissioned cable car to Mont Gel\u00e9 in the Verbier ski area, Switzerland","robots":{"index":"index","follow":"follow","max-snippet":"max-snippet:-1","max-image-preview":"max-image-preview:large","max-video-preview":"max-video-preview:-1"},"canonical":"https:\/\/placart-backup.bszserver.ch\/artwork\/schweizer-original-ski-plakat-verbier-valais\/","og_locale":"en_US","og_type":"article","og_title":"Original Ski Poster advertising the cable car to Mont-Gel\u00e9, Verbier","og_description":"Original Vintage Poster that in 1961 drew attention to the recently commissioned cable car to Mont Gel\u00e9 in the Verbier ski area, Switzerland","og_url":"https:\/\/placart-backup.bszserver.ch\/artwork\/schweizer-original-ski-plakat-verbier-valais\/","og_site_name":"PLACART","article_modified_time":"2026-02-07T11:33:20+00:00","og_image":[{"width":650,"height":1024,"url":"https:\/\/placart-backup.bszserver.ch\/wp-content\/uploads\/Plakat-Original-Poster-Winter-Ski-Verbier-Valais-1961-650x1024.jpg","type":"image\/jpeg"}],"twitter_card":"summary_large_image","twitter_misc":{"Est. reading time":"1 minute"},"schema":{"@context":"https:\/\/schema.org","@graph":[{"@type":"WebPage","@id":"https:\/\/placart-backup.bszserver.ch\/artwork\/schweizer-original-ski-plakat-verbier-valais\/","url":"https:\/\/placart-backup.bszserver.ch\/artwork\/schweizer-original-ski-plakat-verbier-valais\/","name":"Original Ski Poster advertising the cable car to Mont-Gel\u00e9, Verbier","isPartOf":{"@id":"https:\/\/placart-backup.bszserver.ch\/#website"},"primaryImageOfPage":{"@id":"https:\/\/placart-backup.bszserver.ch\/artwork\/schweizer-original-ski-plakat-verbier-valais\/#primaryimage"},"image":{"@id":"https:\/\/placart-backup.bszserver.ch\/artwork\/schweizer-original-ski-plakat-verbier-valais\/#primaryimage"},"thumbnailUrl":"https:\/\/placart-backup.bszserver.ch\/wp-content\/uploads\/Plakat-Original-Poster-Winter-Ski-Verbier-Valais-1961.jpg","datePublished":"2025-05-07T08:54:03+00:00","dateModified":"2026-02-07T11:33:20+00:00","description":"Original Vintage Poster that in 1961 drew attention to the recently commissioned cable car to Mont Gel\u00e9 in the Verbier ski area, Switzerland","breadcrumb":{"@id":"https:\/\/placart-backup.bszserver.ch\/artwork\/schweizer-original-ski-plakat-verbier-valais\/#breadcrumb"},"inLanguage":"en-US","potentialAction":[{"@type":"ReadAction","target":["https:\/\/placart-backup.bszserver.ch\/artwork\/schweizer-original-ski-plakat-verbier-valais\/"]}]},{"@type":"ImageObject","inLanguage":"en-US","@id":"https:\/\/placart-backup.bszserver.ch\/artwork\/schweizer-original-ski-plakat-verbier-valais\/#primaryimage","url":"https:\/\/placart-backup.bszserver.ch\/wp-content\/uploads\/Plakat-Original-Poster-Winter-Ski-Verbier-Valais-1961.jpg","contentUrl":"https:\/\/placart-backup.bszserver.ch\/wp-content\/uploads\/Plakat-Original-Poster-Winter-Ski-Verbier-Valais-1961.jpg","width":3485,"height":5489,"caption":"Original Vintage Ski Poster, assembled from three pictures \u2013 shot possibly by the Valais photographer Telesphore (T\u00e9l\u00e8s) Deprez, printed in 1960 or 1961 on the occasion of the commissioning of the cable car to Mont Gel\u00e9 at the junction of the municipalities of Bagnes, Riddes, and Nendaz, today the ski area 4 Vall\u00e9es; for sale"},{"@type":"BreadcrumbList","@id":"https:\/\/placart-backup.bszserver.ch\/artwork\/schweizer-original-ski-plakat-verbier-valais\/#breadcrumb","itemListElement":[{"@type":"ListItem","position":1,"name":"Startseite","item":"https:\/\/placart-backup.bszserver.ch\/en\/"},{"@type":"ListItem","position":2,"name":"Verbier \u2013\u00a0Mont-Gel\u00e9 |\u00a0Valais"}]},{"@type":"WebSite","@id":"https:\/\/placart-backup.bszserver.ch\/#website","url":"https:\/\/placart-backup.bszserver.ch\/","name":"PLACART","description":"Original Posters &amp; Le Corbusier&#039;s Art","publisher":{"@id":"https:\/\/placart-backup.bszserver.ch\/#organization"},"potentialAction":[{"@type":"SearchAction","target":{"@type":"EntryPoint","urlTemplate":"https:\/\/placart-backup.bszserver.ch\/?s={search_term_string}"},"query-input":{"@type":"PropertyValueSpecification","valueRequired":true,"valueName":"search_term_string"}}],"inLanguage":"en-US"},{"@type":"Organization","@id":"https:\/\/placart-backup.bszserver.ch\/#organization","name":"PLACART","url":"https:\/\/placart-backup.bszserver.ch\/","logo":{"@type":"ImageObject","inLanguage":"en-US","@id":"https:\/\/placart-backup.bszserver.ch\/#\/schema\/logo\/image\/","url":"https:\/\/placart-backup.bszserver.ch\/wp-content\/uploads\/placart_black.png","contentUrl":"https:\/\/placart-backup.bszserver.ch\/wp-content\/uploads\/placart_black.png","width":148,"height":26,"caption":"PLACART"},"image":{"@id":"https:\/\/placart-backup.bszserver.ch\/#\/schema\/logo\/image\/"}}]}},"_links":{"self":[{"href":"https:\/\/placart-backup.bszserver.ch\/en\/wp-json\/wp\/v2\/artworks\/15413","targetHints":{"allow":["GET"]}}],"collection":[{"href":"https:\/\/placart-backup.bszserver.ch\/en\/wp-json\/wp\/v2\/artworks"}],"about":[{"href":"https:\/\/placart-backup.bszserver.ch\/en\/wp-json\/wp\/v2\/types\/artwork"}],"wp:featuredmedia":[{"embeddable":true,"href":"https:\/\/placart-backup.bszserver.ch\/en\/wp-json\/wp\/v2\/media\/15419"}],"wp:attachment":[{"href":"https:\/\/placart-backup.bszserver.ch\/en\/wp-json\/wp\/v2\/media?parent=15413"}],"wp:term":[{"taxonomy":"artwork-cat","embeddable":true,"href":"https:\/\/placart-backup.bszserver.ch\/en\/wp-json\/wp\/v2\/artwork-cat?post=15413"},{"taxonomy":"artwork-origin","embeddable":true,"href":"https:\/\/placart-backup.bszserver.ch\/en\/wp-json\/wp\/v2\/artwork-origin?post=15413"}],"curies":[{"name":"wp","href":"https:\/\/api.w.org\/{rel}","templated":true}]}}

Verbier – Mont-Gelé | Valais

<!-- This site is optimized with the Yoast SEO plugin v27.8 - https://yoast.com/product/yoast-seo-wordpress/ -->
<title>Original Ski Poster advertising the cable car to Mont-Gelé, Verbier</title>
<meta name="description" content="Original Vintage Poster that in 1961 drew attention to the recently commissioned cable car to Mont Gelé in the Verbier ski area, Switzerland" />
<meta name="robots" content="index, follow, max-snippet:-1, max-image-preview:large, max-video-preview:-1" />
<link rel="canonical" href="https://placart-backup.bszserver.ch/artwork/schweizer-original-ski-plakat-verbier-valais/" />
<meta property="og:locale" content="en_US" />
<meta property="og:type" content="article" />
<meta property="og:title" content="Original Ski Poster advertising the cable car to Mont-Gelé, Verbier" />
<meta property="og:description" content="Original Vintage Poster that in 1961 drew attention to the recently commissioned cable car to Mont Gelé in the Verbier ski area, Switzerland" />
<meta property="og:url" content="https://placart-backup.bszserver.ch/artwork/schweizer-original-ski-plakat-verbier-valais/" />
<meta property="og:site_name" content="PLACART" />
<meta property="article:modified_time" content="2026-02-07T11:33:20+00:00" />
<meta property="og:image" content="https://placart-backup.bszserver.ch/wp-content/uploads/Plakat-Original-Poster-Winter-Ski-Verbier-Valais-1961-650x1024.jpg" />
	<meta property="og:image:width" content="650" />
	<meta property="og:image:height" content="1024" />
	<meta property="og:image:type" content="image/jpeg" />
<meta name="twitter:card" content="summary_large_image" />
<meta name="twitter:label1" content="Est. reading time" />
	<meta name="twitter:data1" content="1 minute" />
<script type="application/ld+json" class="yoast-schema-graph">{"@context":"https:\/\/schema.org","@graph":[{"@type":"WebPage","@id":"https:\/\/placart-backup.bszserver.ch\/artwork\/schweizer-original-ski-plakat-verbier-valais\/","url":"https:\/\/placart-backup.bszserver.ch\/artwork\/schweizer-original-ski-plakat-verbier-valais\/","name":"Original Ski Poster advertising the cable car to Mont-Gelé, Verbier","isPartOf":{"@id":"https:\/\/placart-backup.bszserver.ch\/#website"},"primaryImageOfPage":{"@id":"https:\/\/placart-backup.bszserver.ch\/artwork\/schweizer-original-ski-plakat-verbier-valais\/#primaryimage"},"image":{"@id":"https:\/\/placart-backup.bszserver.ch\/artwork\/schweizer-original-ski-plakat-verbier-valais\/#primaryimage"},"thumbnailUrl":"https:\/\/placart-backup.bszserver.ch\/wp-content\/uploads\/Plakat-Original-Poster-Winter-Ski-Verbier-Valais-1961.jpg","datePublished":"2025-05-07T08:54:03+00:00","dateModified":"2026-02-07T11:33:20+00:00","description":"Original Vintage Poster that in 1961 drew attention to the recently commissioned cable car to Mont Gelé in the Verbier ski area, Switzerland","breadcrumb":{"@id":"https:\/\/placart-backup.bszserver.ch\/artwork\/schweizer-original-ski-plakat-verbier-valais\/#breadcrumb"},"inLanguage":"en-US","potentialAction":[{"@type":"ReadAction","target":["https:\/\/placart-backup.bszserver.ch\/artwork\/schweizer-original-ski-plakat-verbier-valais\/"]}]},{"@type":"ImageObject","inLanguage":"en-US","@id":"https:\/\/placart-backup.bszserver.ch\/artwork\/schweizer-original-ski-plakat-verbier-valais\/#primaryimage","url":"https:\/\/placart-backup.bszserver.ch\/wp-content\/uploads\/Plakat-Original-Poster-Winter-Ski-Verbier-Valais-1961.jpg","contentUrl":"https:\/\/placart-backup.bszserver.ch\/wp-content\/uploads\/Plakat-Original-Poster-Winter-Ski-Verbier-Valais-1961.jpg","width":3485,"height":5489,"caption":"Original Vintage Ski Poster, assembled from three pictures – shot possibly by the Valais photographer Telesphore (Télès) Deprez, printed in 1960 or 1961 on the occasion of the commissioning of the cable car to Mont Gelé at the junction of the municipalities of Bagnes, Riddes, and Nendaz, today the ski area 4 Vallées; for sale"},{"@type":"BreadcrumbList","@id":"https:\/\/placart-backup.bszserver.ch\/artwork\/schweizer-original-ski-plakat-verbier-valais\/#breadcrumb","itemListElement":[{"@type":"ListItem","position":1,"name":"Startseite","item":"https:\/\/placart-backup.bszserver.ch\/en\/"},{"@type":"ListItem","position":2,"name":"Verbier – Mont-Gelé | Valais"}]},{"@type":"WebSite","@id":"https:\/\/placart-backup.bszserver.ch\/#website","url":"https:\/\/placart-backup.bszserver.ch\/","name":"PLACART","description":"Original Posters &amp; Le Corbusier&#039;s Art","publisher":{"@id":"https:\/\/placart-backup.bszserver.ch\/#organization"},"potentialAction":[{"@type":"SearchAction","target":{"@type":"EntryPoint","urlTemplate":"https:\/\/placart-backup.bszserver.ch\/?s={search_term_string}"},"query-input":{"@type":"PropertyValueSpecification","valueRequired":true,"valueName":"search_term_string"}}],"inLanguage":"en-US"},{"@type":"Organization","@id":"https:\/\/placart-backup.bszserver.ch\/#organization","name":"PLACART","url":"https:\/\/placart-backup.bszserver.ch\/","logo":{"@type":"ImageObject","inLanguage":"en-US","@id":"https:\/\/placart-backup.bszserver.ch\/#\/schema\/logo\/image\/","url":"https:\/\/placart-backup.bszserver.ch\/wp-content\/uploads\/placart_black.png","contentUrl":"https:\/\/placart-backup.bszserver.ch\/wp-content\/uploads\/placart_black.png","width":148,"height":26,"caption":"PLACART"},"image":{"@id":"https:\/\/placart-backup.bszserver.ch\/#\/schema\/logo\/image\/"}}]}</script>
<!-- / Yoast SEO plugin. -->

Original Ski Poster advertising the cable car to Mont-Gelé, Verbier

Original Vintage Poster that in 1961 drew attention to the recently commissioned cable car to Mont Gelé in the Verbier ski area, Switzerland

Original Vintage Ski Poster, assembled from three pictures – shot possibly by the Valais photographer Telesphore (Télès) Deprez, printed in 1960 or 1961 on the occasion of the commissioning of the cable car to Mont Gelé at the junction of the municipalities of Bagnes, Riddes, and Nendaz, today the ski area 4 Vallées; for sale
