{"id":7260,"date":"2021-02-25T22:20:16","date_gmt":"2021-02-25T21:20:16","guid":{"rendered":"https:\/\/placart-backup.bszserver.ch\/?post_type=artwork&#038;p=7260"},"modified":"2026-03-16T11:32:07","modified_gmt":"2026-03-16T10:32:07","slug":"original-vintage-poster-vallee-de-joux","status":"publish","type":"artwork","link":"https:\/\/placart-backup.bszserver.ch\/en\/artwork\/original-vintage-poster-vallee-de-joux\/","title":{"rendered":"Spend the Winter in the Vall\u00e9e de Joux | Swiss Jura, Vaud"},"content":{"rendered":"","protected":false},"excerpt":{"rendered":"","protected":false},"featured_media":15662,"template":"","artwork-cat":[104,70,16],"artwork-origin":[45],"class_list":["post-7260","artwork","type-artwork","status-publish","has-post-thumbnail","hentry","artwork-cat-original-posters-french-speaking-switzerland-romandy","artwork-cat-swiss-original-vintage-travel-posters","artwork-cat-winter-posters","artwork-origin-swiss"],"acf":[],"yoast_head":"<!-- This site is optimized with the Yoast SEO plugin v27.8 - https:\/\/yoast.com\/product\/yoast-seo-wordpress\/ -->\n<title>Original Poster calling to spend the Winter in the Vall\u00e9e de Joux<\/title>\n<meta name=\"description\" content=\"Swiss Original Poster by Johann Emil M\u00fcller, inviting visitors to spend the winter in the Vall\u00e9e de Joux, in the Jura of the canton of Vaud\" \/>\n<meta name=\"robots\" content=\"index, follow, max-snippet:-1, max-image-preview:large, max-video-preview:-1\" \/>\n<link rel=\"canonical\" href=\"https:\/\/placart-backup.bszserver.ch\/artwork\/original-plakat-vallee-de-joux\/\" \/>\n<meta property=\"og:locale\" content=\"en_US\" \/>\n<meta property=\"og:type\" content=\"article\" \/>\n<meta property=\"og:title\" content=\"Original Poster calling to spend the Winter in the Vall\u00e9e de Joux\" \/>\n<meta property=\"og:description\" content=\"Swiss Original Poster by Johann Emil M\u00fcller, inviting visitors to spend the winter in the Vall\u00e9e de Joux, in the Jura of the canton of Vaud\" \/>\n<meta property=\"og:url\" content=\"https:\/\/placart-backup.bszserver.ch\/artwork\/original-plakat-vallee-de-joux\/\" \/>\n<meta property=\"og:site_name\" content=\"PLACART\" \/>\n<meta property=\"article:modified_time\" content=\"2026-03-16T10:32:07+00:00\" \/>\n<meta property=\"og:image\" content=\"https:\/\/placart-backup.bszserver.ch\/wp-content\/uploads\/Plakat-Original-Winter-Poster-Vallee-de-Joux-Jura-Waadt-1942-684x1024.jpg\" \/>\n\t<meta property=\"og:image:width\" content=\"684\" \/>\n\t<meta property=\"og:image:height\" content=\"1024\" \/>\n\t<meta property=\"og:image:type\" content=\"image\/jpeg\" \/>\n<meta name=\"twitter:card\" content=\"summary_large_image\" \/>\n<meta name=\"twitter:label1\" content=\"Est. reading time\" \/>\n\t<meta name=\"twitter:data1\" content=\"1 minute\" \/>\n<script type=\"application\/ld+json\" class=\"yoast-schema-graph\">{\"@context\":\"https:\\\/\\\/schema.org\",\"@graph\":[{\"@type\":\"WebPage\",\"@id\":\"https:\\\/\\\/placart-backup.bszserver.ch\\\/artwork\\\/original-plakat-vallee-de-joux\\\/\",\"url\":\"https:\\\/\\\/placart-backup.bszserver.ch\\\/artwork\\\/original-plakat-vallee-de-joux\\\/\",\"name\":\"Original Poster calling to spend the Winter in the Vall\u00e9e de Joux\",\"isPartOf\":{\"@id\":\"https:\\\/\\\/placart-backup.bszserver.ch\\\/#website\"},\"primaryImageOfPage\":{\"@id\":\"https:\\\/\\\/placart-backup.bszserver.ch\\\/artwork\\\/original-plakat-vallee-de-joux\\\/#primaryimage\"},\"image\":{\"@id\":\"https:\\\/\\\/placart-backup.bszserver.ch\\\/artwork\\\/original-plakat-vallee-de-joux\\\/#primaryimage\"},\"thumbnailUrl\":\"https:\\\/\\\/placart-backup.bszserver.ch\\\/wp-content\\\/uploads\\\/Plakat-Original-Winter-Poster-Vallee-de-Joux-Jura-Waadt-1942.jpg\",\"datePublished\":\"2021-02-25T21:20:16+00:00\",\"dateModified\":\"2026-03-16T10:32:07+00:00\",\"description\":\"Swiss Original Poster by Johann Emil M\u00fcller, inviting visitors to spend the winter in the Vall\u00e9e de Joux, in the Jura of the canton of Vaud\",\"breadcrumb\":{\"@id\":\"https:\\\/\\\/placart-backup.bszserver.ch\\\/artwork\\\/original-plakat-vallee-de-joux\\\/#breadcrumb\"},\"inLanguage\":\"en-US\",\"potentialAction\":[{\"@type\":\"ReadAction\",\"target\":[\"https:\\\/\\\/placart-backup.bszserver.ch\\\/artwork\\\/original-plakat-vallee-de-joux\\\/\"]}]},{\"@type\":\"ImageObject\",\"inLanguage\":\"en-US\",\"@id\":\"https:\\\/\\\/placart-backup.bszserver.ch\\\/artwork\\\/original-plakat-vallee-de-joux\\\/#primaryimage\",\"url\":\"https:\\\/\\\/placart-backup.bszserver.ch\\\/wp-content\\\/uploads\\\/Plakat-Original-Winter-Poster-Vallee-de-Joux-Jura-Waadt-1942.jpg\",\"contentUrl\":\"https:\\\/\\\/placart-backup.bszserver.ch\\\/wp-content\\\/uploads\\\/Plakat-Original-Winter-Poster-Vallee-de-Joux-Jura-Waadt-1942.jpg\",\"width\":3592,\"height\":5380,\"caption\":\"Original Swiss Vintage Travel Poster designed by Johann Emil M\u00fcller, inviting in 1942 visitors to spend the winter in the Vall\u00e9e de Joux, in the Jura region of the canton of Vaud\"},{\"@type\":\"BreadcrumbList\",\"@id\":\"https:\\\/\\\/placart-backup.bszserver.ch\\\/artwork\\\/original-plakat-vallee-de-joux\\\/#breadcrumb\",\"itemListElement\":[{\"@type\":\"ListItem\",\"position\":1,\"name\":\"Startseite\",\"item\":\"https:\\\/\\\/placart-backup.bszserver.ch\\\/en\\\/\"},{\"@type\":\"ListItem\",\"position\":2,\"name\":\"Spend the Winter in the Vall\u00e9e de Joux | Swiss Jura, Vaud\"}]},{\"@type\":\"WebSite\",\"@id\":\"https:\\\/\\\/placart-backup.bszserver.ch\\\/#website\",\"url\":\"https:\\\/\\\/placart-backup.bszserver.ch\\\/\",\"name\":\"PLACART\",\"description\":\"Original Posters &amp; Le Corbusier&#039;s Art\",\"publisher\":{\"@id\":\"https:\\\/\\\/placart-backup.bszserver.ch\\\/#organization\"},\"potentialAction\":[{\"@type\":\"SearchAction\",\"target\":{\"@type\":\"EntryPoint\",\"urlTemplate\":\"https:\\\/\\\/placart-backup.bszserver.ch\\\/?s={search_term_string}\"},\"query-input\":{\"@type\":\"PropertyValueSpecification\",\"valueRequired\":true,\"valueName\":\"search_term_string\"}}],\"inLanguage\":\"en-US\"},{\"@type\":\"Organization\",\"@id\":\"https:\\\/\\\/placart-backup.bszserver.ch\\\/#organization\",\"name\":\"PLACART\",\"url\":\"https:\\\/\\\/placart-backup.bszserver.ch\\\/\",\"logo\":{\"@type\":\"ImageObject\",\"inLanguage\":\"en-US\",\"@id\":\"https:\\\/\\\/placart-backup.bszserver.ch\\\/#\\\/schema\\\/logo\\\/image\\\/\",\"url\":\"https:\\\/\\\/placart-backup.bszserver.ch\\\/wp-content\\\/uploads\\\/placart_black.png\",\"contentUrl\":\"https:\\\/\\\/placart-backup.bszserver.ch\\\/wp-content\\\/uploads\\\/placart_black.png\",\"width\":148,\"height\":26,\"caption\":\"PLACART\"},\"image\":{\"@id\":\"https:\\\/\\\/placart-backup.bszserver.ch\\\/#\\\/schema\\\/logo\\\/image\\\/\"}}]}<\/script>\n<!-- \/ Yoast SEO plugin. -->","yoast_head_json":{"title":"Original Poster calling to spend the Winter in the Vall\u00e9e de Joux","description":"Swiss Original Poster by Johann Emil M\u00fcller, inviting visitors to spend the winter in the Vall\u00e9e de Joux, in the Jura of the canton of Vaud","robots":{"index":"index","follow":"follow","max-snippet":"max-snippet:-1","max-image-preview":"max-image-preview:large","max-video-preview":"max-video-preview:-1"},"canonical":"https:\/\/placart-backup.bszserver.ch\/artwork\/original-plakat-vallee-de-joux\/","og_locale":"en_US","og_type":"article","og_title":"Original Poster calling to spend the Winter in the Vall\u00e9e de Joux","og_description":"Swiss Original Poster by Johann Emil M\u00fcller, inviting visitors to spend the winter in the Vall\u00e9e de Joux, in the Jura of the canton of Vaud","og_url":"https:\/\/placart-backup.bszserver.ch\/artwork\/original-plakat-vallee-de-joux\/","og_site_name":"PLACART","article_modified_time":"2026-03-16T10:32:07+00:00","og_image":[{"width":684,"height":1024,"url":"https:\/\/placart-backup.bszserver.ch\/wp-content\/uploads\/Plakat-Original-Winter-Poster-Vallee-de-Joux-Jura-Waadt-1942-684x1024.jpg","type":"image\/jpeg"}],"twitter_card":"summary_large_image","twitter_misc":{"Est. reading time":"1 minute"},"schema":{"@context":"https:\/\/schema.org","@graph":[{"@type":"WebPage","@id":"https:\/\/placart-backup.bszserver.ch\/artwork\/original-plakat-vallee-de-joux\/","url":"https:\/\/placart-backup.bszserver.ch\/artwork\/original-plakat-vallee-de-joux\/","name":"Original Poster calling to spend the Winter in the Vall\u00e9e de Joux","isPartOf":{"@id":"https:\/\/placart-backup.bszserver.ch\/#website"},"primaryImageOfPage":{"@id":"https:\/\/placart-backup.bszserver.ch\/artwork\/original-plakat-vallee-de-joux\/#primaryimage"},"image":{"@id":"https:\/\/placart-backup.bszserver.ch\/artwork\/original-plakat-vallee-de-joux\/#primaryimage"},"thumbnailUrl":"https:\/\/placart-backup.bszserver.ch\/wp-content\/uploads\/Plakat-Original-Winter-Poster-Vallee-de-Joux-Jura-Waadt-1942.jpg","datePublished":"2021-02-25T21:20:16+00:00","dateModified":"2026-03-16T10:32:07+00:00","description":"Swiss Original Poster by Johann Emil M\u00fcller, inviting visitors to spend the winter in the Vall\u00e9e de Joux, in the Jura of the canton of Vaud","breadcrumb":{"@id":"https:\/\/placart-backup.bszserver.ch\/artwork\/original-plakat-vallee-de-joux\/#breadcrumb"},"inLanguage":"en-US","potentialAction":[{"@type":"ReadAction","target":["https:\/\/placart-backup.bszserver.ch\/artwork\/original-plakat-vallee-de-joux\/"]}]},{"@type":"ImageObject","inLanguage":"en-US","@id":"https:\/\/placart-backup.bszserver.ch\/artwork\/original-plakat-vallee-de-joux\/#primaryimage","url":"https:\/\/placart-backup.bszserver.ch\/wp-content\/uploads\/Plakat-Original-Winter-Poster-Vallee-de-Joux-Jura-Waadt-1942.jpg","contentUrl":"https:\/\/placart-backup.bszserver.ch\/wp-content\/uploads\/Plakat-Original-Winter-Poster-Vallee-de-Joux-Jura-Waadt-1942.jpg","width":3592,"height":5380,"caption":"Original Swiss Vintage Travel Poster designed by Johann Emil M\u00fcller, inviting in 1942 visitors to spend the winter in the Vall\u00e9e de Joux, in the Jura region of the canton of Vaud"},{"@type":"BreadcrumbList","@id":"https:\/\/placart-backup.bszserver.ch\/artwork\/original-plakat-vallee-de-joux\/#breadcrumb","itemListElement":[{"@type":"ListItem","position":1,"name":"Startseite","item":"https:\/\/placart-backup.bszserver.ch\/en\/"},{"@type":"ListItem","position":2,"name":"Spend the Winter in the Vall\u00e9e de Joux | Swiss Jura, Vaud"}]},{"@type":"WebSite","@id":"https:\/\/placart-backup.bszserver.ch\/#website","url":"https:\/\/placart-backup.bszserver.ch\/","name":"PLACART","description":"Original Posters &amp; Le Corbusier&#039;s Art","publisher":{"@id":"https:\/\/placart-backup.bszserver.ch\/#organization"},"potentialAction":[{"@type":"SearchAction","target":{"@type":"EntryPoint","urlTemplate":"https:\/\/placart-backup.bszserver.ch\/?s={search_term_string}"},"query-input":{"@type":"PropertyValueSpecification","valueRequired":true,"valueName":"search_term_string"}}],"inLanguage":"en-US"},{"@type":"Organization","@id":"https:\/\/placart-backup.bszserver.ch\/#organization","name":"PLACART","url":"https:\/\/placart-backup.bszserver.ch\/","logo":{"@type":"ImageObject","inLanguage":"en-US","@id":"https:\/\/placart-backup.bszserver.ch\/#\/schema\/logo\/image\/","url":"https:\/\/placart-backup.bszserver.ch\/wp-content\/uploads\/placart_black.png","contentUrl":"https:\/\/placart-backup.bszserver.ch\/wp-content\/uploads\/placart_black.png","width":148,"height":26,"caption":"PLACART"},"image":{"@id":"https:\/\/placart-backup.bszserver.ch\/#\/schema\/logo\/image\/"}}]}},"_links":{"self":[{"href":"https:\/\/placart-backup.bszserver.ch\/en\/wp-json\/wp\/v2\/artworks\/7260","targetHints":{"allow":["GET"]}}],"collection":[{"href":"https:\/\/placart-backup.bszserver.ch\/en\/wp-json\/wp\/v2\/artworks"}],"about":[{"href":"https:\/\/placart-backup.bszserver.ch\/en\/wp-json\/wp\/v2\/types\/artwork"}],"wp:featuredmedia":[{"embeddable":true,"href":"https:\/\/placart-backup.bszserver.ch\/en\/wp-json\/wp\/v2\/media\/15662"}],"wp:attachment":[{"href":"https:\/\/placart-backup.bszserver.ch\/en\/wp-json\/wp\/v2\/media?parent=7260"}],"wp:term":[{"taxonomy":"artwork-cat","embeddable":true,"href":"https:\/\/placart-backup.bszserver.ch\/en\/wp-json\/wp\/v2\/artwork-cat?post=7260"},{"taxonomy":"artwork-origin","embeddable":true,"href":"https:\/\/placart-backup.bszserver.ch\/en\/wp-json\/wp\/v2\/artwork-origin?post=7260"}],"curies":[{"name":"wp","href":"https:\/\/api.w.org\/{rel}","templated":true}]}}

Spend the Winter in the Vallée de Joux | Swiss Jura, Vaud

<!-- This site is optimized with the Yoast SEO plugin v27.8 - https://yoast.com/product/yoast-seo-wordpress/ -->
<title>Original Poster calling to spend the Winter in the Vallée de Joux</title>
<meta name="description" content="Swiss Original Poster by Johann Emil Müller, inviting visitors to spend the winter in the Vallée de Joux, in the Jura of the canton of Vaud" />
<meta name="robots" content="index, follow, max-snippet:-1, max-image-preview:large, max-video-preview:-1" />
<link rel="canonical" href="https://placart-backup.bszserver.ch/artwork/original-plakat-vallee-de-joux/" />
<meta property="og:locale" content="en_US" />
<meta property="og:type" content="article" />
<meta property="og:title" content="Original Poster calling to spend the Winter in the Vallée de Joux" />
<meta property="og:description" content="Swiss Original Poster by Johann Emil Müller, inviting visitors to spend the winter in the Vallée de Joux, in the Jura of the canton of Vaud" />
<meta property="og:url" content="https://placart-backup.bszserver.ch/artwork/original-plakat-vallee-de-joux/" />
<meta property="og:site_name" content="PLACART" />
<meta property="article:modified_time" content="2026-03-16T10:32:07+00:00" />
<meta property="og:image" content="https://placart-backup.bszserver.ch/wp-content/uploads/Plakat-Original-Winter-Poster-Vallee-de-Joux-Jura-Waadt-1942-684x1024.jpg" />
	<meta property="og:image:width" content="684" />
	<meta property="og:image:height" content="1024" />
	<meta property="og:image:type" content="image/jpeg" />
<meta name="twitter:card" content="summary_large_image" />
<meta name="twitter:label1" content="Est. reading time" />
	<meta name="twitter:data1" content="1 minute" />
<script type="application/ld+json" class="yoast-schema-graph">{"@context":"https:\/\/schema.org","@graph":[{"@type":"WebPage","@id":"https:\/\/placart-backup.bszserver.ch\/artwork\/original-plakat-vallee-de-joux\/","url":"https:\/\/placart-backup.bszserver.ch\/artwork\/original-plakat-vallee-de-joux\/","name":"Original Poster calling to spend the Winter in the Vallée de Joux","isPartOf":{"@id":"https:\/\/placart-backup.bszserver.ch\/#website"},"primaryImageOfPage":{"@id":"https:\/\/placart-backup.bszserver.ch\/artwork\/original-plakat-vallee-de-joux\/#primaryimage"},"image":{"@id":"https:\/\/placart-backup.bszserver.ch\/artwork\/original-plakat-vallee-de-joux\/#primaryimage"},"thumbnailUrl":"https:\/\/placart-backup.bszserver.ch\/wp-content\/uploads\/Plakat-Original-Winter-Poster-Vallee-de-Joux-Jura-Waadt-1942.jpg","datePublished":"2021-02-25T21:20:16+00:00","dateModified":"2026-03-16T10:32:07+00:00","description":"Swiss Original Poster by Johann Emil Müller, inviting visitors to spend the winter in the Vallée de Joux, in the Jura of the canton of Vaud","breadcrumb":{"@id":"https:\/\/placart-backup.bszserver.ch\/artwork\/original-plakat-vallee-de-joux\/#breadcrumb"},"inLanguage":"en-US","potentialAction":[{"@type":"ReadAction","target":["https:\/\/placart-backup.bszserver.ch\/artwork\/original-plakat-vallee-de-joux\/"]}]},{"@type":"ImageObject","inLanguage":"en-US","@id":"https:\/\/placart-backup.bszserver.ch\/artwork\/original-plakat-vallee-de-joux\/#primaryimage","url":"https:\/\/placart-backup.bszserver.ch\/wp-content\/uploads\/Plakat-Original-Winter-Poster-Vallee-de-Joux-Jura-Waadt-1942.jpg","contentUrl":"https:\/\/placart-backup.bszserver.ch\/wp-content\/uploads\/Plakat-Original-Winter-Poster-Vallee-de-Joux-Jura-Waadt-1942.jpg","width":3592,"height":5380,"caption":"Original Swiss Vintage Travel Poster designed by Johann Emil Müller, inviting in 1942 visitors to spend the winter in the Vallée de Joux, in the Jura region of the canton of Vaud"},{"@type":"BreadcrumbList","@id":"https:\/\/placart-backup.bszserver.ch\/artwork\/original-plakat-vallee-de-joux\/#breadcrumb","itemListElement":[{"@type":"ListItem","position":1,"name":"Startseite","item":"https:\/\/placart-backup.bszserver.ch\/en\/"},{"@type":"ListItem","position":2,"name":"Spend the Winter in the Vallée de Joux | Swiss Jura, Vaud"}]},{"@type":"WebSite","@id":"https:\/\/placart-backup.bszserver.ch\/#website","url":"https:\/\/placart-backup.bszserver.ch\/","name":"PLACART","description":"Original Posters &amp; Le Corbusier&#039;s Art","publisher":{"@id":"https:\/\/placart-backup.bszserver.ch\/#organization"},"potentialAction":[{"@type":"SearchAction","target":{"@type":"EntryPoint","urlTemplate":"https:\/\/placart-backup.bszserver.ch\/?s={search_term_string}"},"query-input":{"@type":"PropertyValueSpecification","valueRequired":true,"valueName":"search_term_string"}}],"inLanguage":"en-US"},{"@type":"Organization","@id":"https:\/\/placart-backup.bszserver.ch\/#organization","name":"PLACART","url":"https:\/\/placart-backup.bszserver.ch\/","logo":{"@type":"ImageObject","inLanguage":"en-US","@id":"https:\/\/placart-backup.bszserver.ch\/#\/schema\/logo\/image\/","url":"https:\/\/placart-backup.bszserver.ch\/wp-content\/uploads\/placart_black.png","contentUrl":"https:\/\/placart-backup.bszserver.ch\/wp-content\/uploads\/placart_black.png","width":148,"height":26,"caption":"PLACART"},"image":{"@id":"https:\/\/placart-backup.bszserver.ch\/#\/schema\/logo\/image\/"}}]}</script>
<!-- / Yoast SEO plugin. -->

Original Poster calling to spend the Winter in the Vallée de Joux

Swiss Original Poster by Johann Emil Müller, inviting visitors to spend the winter in the Vallée de Joux, in the Jura of the canton of Vaud

Original Swiss Vintage Travel Poster designed by Johann Emil Müller, inviting in 1942 visitors to spend the winter in the Vallée de Joux, in the Jura region of the canton of Vaud
